21
Let j(h) = -h - 4*h**3 + 5*h**2 - 2*h**3 + 2 + 2*h**3 + 5*h**3. Let t = 26 + -18. Suppose 5*k - 15 = t*k. Give j(k).
7
Suppose 0 = -2*k + 1 + 3. Let x(g) = -g**3 - 4 + 5*g + 0*g**3 - k + 1 + 3*g**2. Suppose -46*n - 10 = -194. Determine x(n).
-1
Suppose 170*o - 145*o = 325. Let s(n) be the second derivative of 0*n**3 + o*n - 1/2*n**2 + 0 - 1/4*n**4. Give s(-1).
-4
Let t(q) = -q**2 - 19*q + 35. Let l be t(-21). Let u(n) be the second derivative of n**4/12 + 7*n**3/6 - 7*n**2/2 - 2*n - 70. Give u(l).
-7
Let f(p) = -866*p + 83141. Let i be f(96). Let s(l) be the first derivative of -l**4/4 + 7*l**3/3 - 5*l**2/2 - 1. Determine s(i).
25
Let r be 4*-1 - (17 + -33)/(0 - -2). Let m(t) be the third derivative of 13*t**2 + 0 - 1/6*t**3 - 1/6*t**r + 0*t. Calculate m(-1).
3
Let r(b) be the first derivative of -2*b**2 + 2*b - 1. Suppose -27 = -g - 5*v, 4*g = 6*g - 3*v + 11. Suppose 4*x - f = -20, 0*x + g*x + 20 = 3*f. Give r(x).
18
Let j(a) be the first derivative of -a - 152 + 0*a**3 - a**2 - 1/4*a**4. What is j(-1)?
2
Let u(b) = -13*b - 74. Let j be -2 + 0 + (1 - (-4 + 9)). Let y be u(j). Let r(n) = -n**3 + 4*n**2 - n + 5. Give r(y).
1
Let a(c) = -3*c**3 + 3*c**2 + 14*c + 2. Let b(j) = j**3 + j**2 - j + 1. Let u(l) = -a(l) - 2*b(l). What is u(7)?
10
Suppose -h + 3*l = -6, l + 0*l = 2*h - 2. Suppose h = -5*z + 3*y - 5, 0*z + 3*y = 2*z + 2. Let v(o) be the third derivative of o**4/12 + o**2. Calculate v(z).
-2
Suppose g + 4*n = 9, -11 = -3*g + n + 3*n. Let r(h) = -176*h - 10. Let j(z) = 116*z + 6. Let t(y) = -3*j(y) - 2*r(y). What is t(g)?
22
Let k be (-2886)/37*4/(-1). Let x(g) = -621 + k + 2*g + 307. Calculate x(-6).
-14
Let l(d) = -d**3 + 26*d**2 - 70*d + 20. Suppose -47*x = -42*x - 115. Determine l(x).
-3
Let c(x) = -61866 - 3*x + 5*x + 61850 + x**2 + 2*x**2. Give c(-4).
24
Let u(b) = b - 1. Let d(n) = 5*n + 33. Let x be d(-13). Let o = 42 + x. Determine u(o).
9
Let h(q) be the second derivative of -3*q**5/20 + 31*q**4/12 - 3*q**3/2 - 4*q**2 + 2227*q. Calculate h(10).
2
Let z be -1 - 0 - 2*2. Let s(x) be the second derivative of 633*x + 0*x**2 - 1/6*x**3 + 0. Give s(z).
5
Let s(u) = 6*u + 15. Suppose 0 = v - 3*a - 7, a - 228 = -233. Give s(v).
-33
Let o(q) be the first derivative of -4*q**2 + 4*q + 28 + 2/3*q**3. What is o(6)?
28
Suppose 6*a + 16 = 2*a. Let z be (-170)/(-50) - 6/15. Let n(i) = i**3 - 5 - 3 + 4 + i**2 + 2*i + 3 + z*i**2. Calculate n(a).
-9
Let g be (-62)/5 - (-2)/5. Let t be (30/4)/(g/16). Let s(x) be the first derivative of x**4/4 + 10*x**3/3 - 3*x**2/2 - 10*x + 100261. What is s(t)?
20
Suppose 4*t = -5*f + 37, 6*t = 2*t - 2*f + 34. Let d be 0 - 8/(-2)*t/16. Let y(u) be the first derivative of -3*u**2/2 + 3*u + 1. Give y(d).
-3
Suppose 19 - 49 = 3*i. Let y(o) = 5*o. Let j(a) = -2*a + 2. Let t(s) = 2*j(s) + y(s). Give t(i).
-6
Let s(u) = 2*u + 1. Let c be 3*(-2 + (-9)/(-5))*-5. Let y(g) = 2*g - 160*g**3 + 159*g**c + 8 - 14*g + 7*g**2. Let o be y(5). Determine s(o).
-3
Let y(z) be the third derivative of -z**4/12 + 2*z**3 - 5*z**2 - 29*z. Determine y(-6).
24
Let u(w) = w**3 - 9*w**2 - 9*w - 16. Suppose -6*m - 7*m = -20 - 110. Determine u(m).
-6
Let g = -3 + 5. Let b(l) be the second derivative of -l**5/60 - l**4/12 + l**3/2 + 130*l**2 - 333*l. Let k(r) be the first derivative of b(r). Determine k(g).
-5
Let t(f) = -f**3 + 6*f**2 + f + 6. Let j be 7/((-35)/(-45))*(-14)/(-21). Determine t(j).
12
Let u(k) = k**2 - 9*k + 9. Let w be u(6). Let v(j) be the first derivative of -j**3/3 - 7*j**2/2 + 21*j - 21102. Calculate v(w).
3
Let o = 4301 + -4330. Let f(j) = -4*j - 121. What is f(o)?
-5
Let p = -810 - -803. Let x(k) = 2 + 5*k - 10*k + 0 + 4*k - 8. Give x(p).
1
Let d(h) = -h**2 - 22*h + 23. Let p be d(-23). Suppose -3*r + 4*r = p. Let z(t) = r + 5*t + 2 - 5*t**2 + 6*t**2 - 8. Give z(-5).
-6
Let j(s) be the first derivative of 3*s**2 + 19*s + 610. Give j(-3).
1
Suppose -18*f = -6*f - 24. Suppose 0 = f*i - 2*d + 14, -3*d - d = 3*i. Let o(l) = 8*l + 28. Determine o(i).
-4
Let n(p) = -6*p + 12. Suppose 90*x - 84*x = 6. Let q(r) = -r + 3. Let y(g) = x*n(g) - 5*q(g). Calculate y(-3).
0
Let u(g) be the first derivative of -g**2/2 - 20*g + 4615. Calculate u(-16).
-4
Let l(j) = -10*j + 33. Let g(t) = -22*t + 74. Let q(u) = -6*g(u) + 13*l(u). What is q(12)?
9
Let c(o) = 52*o + 29. Let w(f) = 42*f + 28. Let p(u) = 2*u**3 + 11*u**2 + 25*u + 104. Let r be p(-5). Let x(v) = r*c(v) - 5*w(v). Determine x(-13).
2
Let a(z) be the first derivative of 3*z**2 - 16*z + 497. What is a(8)?
32
Suppose -5*m + 45 = -0*m. Let i be (m + -2)*(-4 - -5). Let q(n) = 2*n**2 - 2*n - 3. Let y(b) = 4*b**2 - 4*b - 5. Let d(u) = i*q(u) - 4*y(u). Calculate d(1).
-1
Let i(x) = 7*x - 3. Let q = 171 - 163. Let u be -1*(-9)/(36/q). Determine i(u).
11
Let g(i) = 2*i**2 + 3*i + 3. Let m be (-6090)/(-319) + (-1)/11. Suppose -5*t + 9 = m. Give g(t).
5
Let b(a) = 3*a - 17. Let r(f) = 14*f - 32. Let w(h) = 5*b(h) - 2*r(h). Determine w(-4).
31
Let n(r) = 3*r**2 + 18*r - 21. Let h(f) = -6*f**3 - 4*f**2 + 19*f - 16. Let q be h(1). Calculate n(q).
0
Let k(w) = -13*w - 1. Let d(j) = -4*j. Let x(i) = 7*d(i) - 2*k(i). Suppose 2*u - 2*a + 30 = 0, -u - 4*u - 85 = -3*a. Let z = -14 - u. What is x(z)?
-10
Let s(w) be the first derivative of -w**3/3 + 8*w**2 - 49*w - 8466. Determine s(9).
14
Let y = -332 + 329. Let i(g) = 11*g**3 + 3*g**2 - 23*g - 17. Let d(p) = -5*p**3 - p**2 + 11*p + 8. Let j(u) = 13*d(u) + 6*i(u). What is j(y)?
5
Let p(z) = -z**2 + 47*z - 532. Suppose -5*n + 2*j = -7*n + 58, -5*j + 33 = n. Calculate p(n).
0
Let c = 154 + -107. Let w(r) = 19 - r + 27 + 23*r**2 - c. Calculate w(-1).
23
Suppose -4*z - 10 = v, 0 = -3*z - 55 + 37. Let c(p) = -7*p + 105. Determine c(v).
7
Let u(d) = 4 - 2 + 2*d + 0*d + d**2 - 7*d. Let g be u(2). Let p(o) = 8*o**2 - 13*o - 3. Let k(l) = 5*l**2 - 7*l - 2. Let w(s) = 5*k(s) - 3*p(s). What is w(g)?
-1
Let g(k) = -2*k + 29. Let a be g(-15). Let l = a - 60. Let y be (-2)/((-2)/(-8) + l/(-12)). Let t(u) = -4*u - 5. Calculate t(y).
19
Suppose -3 = -5*o - 2*a - 23, 3*o - 3*a = 9. Let q(j) = 3*j**2 - 9*j + 6. Let m(v) = v**2 + v + 1. Let l(c) = o*m(c) + q(c). What is l(6)?
-26
Let s(f) be the third derivative of -f**6/6 + f**5/60 - f**3/6 + 66387*f**2. Suppose -4*u + 30 = u. Suppose -3*g + 3 = -u*g. Give s(g).
20
Let c be (-1 - -6) + 4/(4/1). Suppose -4*b = -2*b - c. Let y(d) = -6*d**2 + 2 + 5*d**2 - 3 - 2*d**3 - 3*d**b + d. Determine y(1).
-6
Suppose -n + 12 = 8. Let r be (16 - 14) + 1*10 - n. Let d(b) = 11*b - r*b - 3*b - b + 20. Calculate d(0).
20
Let g = 4351 - 4321. Let o(i) = i**3 - 31*i**2 + 32*i - 56. Give o(g).
4
Let l(i) = -20 + 57 - 18 + 4*i - 18. What is l(-1)?
-3
Let j(r) = -15*r + 717. Let f(x) = 4*x - 179. Let w(k) = -13*f(k) - 3*j(k). Calculate w(29).
-27
Let x(s) = -s**2 + 6*s + 4. Suppose b - 130 = -t + 4*b, 250 = 2*t - 4*b. Suppose -97 + t = 3*w. Determine x(w).
4
Let n(c) = -c**3 + 2*c**2 + 18*c - 7. Let y = -24288 - -24285. Give n(y).
-16
Let b(o) be the third derivative of o**4/24 - 4*o**3/3 + o**2 - 1270. Determine b(5).
-3
Let m(d) = -3*d**2 + 10*d - 8. Let f = -1086 + 1089. Calculate m(f).
-5
Suppose 55*r - 127 = 258. Let m(p) = 7*p - 9. Calculate m(r).
40
Suppose -2*y - 35 = -7*y. Let p be ((-4)/y)/(((-24)/21)/4). Let a(g) = -7*g**2 - 9*g**p + g**2. Determine a(1).
-15
Let c = 41 - 48. Let b be (c/7 - 46/1) + 4. Let o = b - -43. Let j(r) = -r**3 + 2. What is j(o)?
2
Suppose -17 = 3*b + 5*w, -4*w + 6*w + 10 = 2*b. Let q(j) = -2 - b + 791*j - 792*j. What is q(-2)?
-1
Let k(n) = 75*n. Let s(q) = 449*q - 10. Let j(d) = -6*k(d) + s(d). What is j(-6)?
-4
Let o(b) = -101*b + 105. Let a(n) = -111*n + 110. Let r(v) = -8*a(v) + 9*o(v). Determine r(4).
-19
Let u be 15/25 - 39/15. Let x(d) = 9*d**2 + 1 + d + 0*d + 4*d - 4*d. What is x(u)?
35
Let o(y) be the first derivative of -1/8*y**4 - 1/20*y**5 - 1/120*y**6 - 2 + 0*y + 0*y**3 + 4*y**2. Let u(l) be the second derivative of o(l). What is u(-2)?
2
Let s(u) be the second derivative of 0 - 3/2*u**2 + 1/6*u**4 + 1/3*u**3 + 156*u - 3/20*u**5. What is s(2)?
-15
Let a(f) = 11*f - 46*f**3 - 22 - 4*f - 54*f**3 + 19*f**2 + 101*f**3 - 27*f**2. Determine a(9).
122
Suppose 0 = -3*w - 3*w + 7*w - 6. Let d(i) = 4*i**2 - 25*i - 5. Determine d(w).
-11
Let h(o) be the first derivative of -5*o**2 - 6*o + 166. Ca